 the remainder when 88064 is divided by 146?
26
Calculate the remainder when 1443474 is divided by 53427.
945
Calculate the remainder when 311569037 is divided by 920.
917
What is the remainder when 279445 is divided by 995?
845
What is the remainder when 854544 is divided by 1899?
1893
What is the remainder when 1242053 is divided by 96?
5
What is the remainder when 591931 is divided by 53686?
1385
Calculate the remainder when 872293 is divided by 109035.
13
What is the remainder when 3081923099 is divided by 150?
149
Calculate the remainder when 110770 is divided by 6495.
355
What is the remainder when 6212277 is divided by 181?
176
Calculate the remainder when 4617749 is divided by 897.
890
What is the remainder when 8588786 is divided by 2147191?
22
What is the remainder when 421721 is divided by 5142?
77
What is the remainder when 45815793 is divided by 223?
220
What is the remainder when 98308 is divided by 2984?
2820
Calculate the remainder when 22795988 is divided by 7598649.
41
Calculate the remainder when 108000 is divided by 7756.
7172
Calculate the remainder when 289472 is divided by 490.
372
What is the remainder when 27089 is divided by 476?
433
What is the remainder when 2200979 is divided by 504?
11
What is the remainder when 18030935 is divided by 564?
419
What is the remainder when 1218003 is divided by 71?
69
Calculate the remainder when 1561571 is divided by 520511.
38
What is the remainder when 46766 is divided by 11979?
10829
Calculate the remainder when 2203456 is divided by 96.
64
Calculate the remainder when 68491 is divided by 2662.
1941
Calculate the remainder when 3379011 is divided by 100.
11
Calculate the remainder when 1870120 is divided by 102.
52
What is the remainder when 1570719 is divided by 1321?
50
What is the remainder when 91827291 is divided by 1336?
3
What is the remainder when 62199 is divided by 34?
13
Calculate the remainder when 6617083 is divided by 129745.
88
Calculate the remainder when 265435 is divided by 132652.
131
What is the remainder when 513534376 is divided by 42?
40
What is the remainder when 8377035 is divided by 4188511?
13
Calculate the remainder when 18764057 is divided by 205.
202
What is the remainder when 265013 is divided by 132480?
53
Calculate the remainder when 361109 is divided by 353.
343
Calculate the remainder when 30354315 is divided by 10118104.
3
What is the remainder when 274926 is divided by 91478?
492
Calculate the remainder when 938048 is divided by 73.
71
What is the remainder when 10988 is divided by 1125?
863
Calculate the remainder when 768253 is divided by 76825.
3
Calculate the remainder when 14841613 is divided by 14841607.
6
What is the remainder when 5515444 is divided by 397?
320
Calculate the remainder when 41753388 is divided by 48.
12
What is the remainder when 38045214 is divided by 6766?
6762
Calculate the remainder when 1343352 is divided by 43.
32
Calculate the remainder when 145055 is divided by 1708.
1583
Calculate the remainder when 1056941 is divided by 183.
116
Calculate the remainder when 14853859 is divided by 212.
79
What is the remainder when 673936 is divided by 1993?
302
Calculate the remainder when 44372 is divided by 2133.
1712
What is the remainder when 132631 is divided by 65056?
2519
What is the remainder when 1716198 is divided by 83?
7
Calculate the remainder when 2566949 is divided by 366125.
4074
What is the remainder when 5969786 is divided by 229607?
4
What is the remainder when 11610694 is divided by 332?
322
Calculate the remainder when 106441 is divided by 457.
417
Calculate the remainder when 881095 is divided by 630.
355
What is the remainder when 59732 is divided by 980?
932
What is the remainder when 1959045 is divided by 273?
270
What is the remainder when 32436395 is divided by 185?
160
What is the remainder when 2028585 is divided by 4298?
4227
What is the remainder when 2506173 is divided by 835367?
72
Calculate the remainder when 50618117 is divided by 1137.
14
What is the remainder when 124031 is divided by 3652?
3515
Calculate the remainder when 13034903 is divided by 73.
23
Calculate the remainder when 19092913 is divided by 4.
1
Calculate the remainder when 7350 is divided by 679.
560
Calculate the remainder when 7946845 is divided by 17.
8
Calculate the remainder when 88797 is divided by 88795.
2
What is the remainder when 2213313 is divided by 2212639?
674
What is the remainder when 3315678 is divided by 3315507?
171
Calculate the remainder when 1877511731 is divided by 165.
161
Calculate the remainder when 177611 is divided by 35360.
811
Calculate the remainder when 16898878 is divided by 4.
2
Calculate the remainder when 13518795 is divided by 64994.
43
What is the remainder when 38257 is divided by 4236?
133
Calculate the remainder when 35129028 is divided by 608.
4
What is the remainder when 129970 is divided by 1540?
610
Calculate the remainder when 10342369 is divided by 182.
37
Calculate the remainder when 55520758 is divided by 27760368.
22
Calculate the remainder when 332779 is divided by 635.
39
Calculate the remainder when 2307793 is divided by 5471.
4502
What is the remainder when 4468247 is divided by 42?
35
Calculate the remainder when 15210377 is divided by 54.
35
What is the remainder when 2954806 is divided by 8?
6
What is the remainder when 1423682 is divided by 177960?
2
What is the remainder when 964908 is divided by 754?
542
Calculate the remainder when 3619304 is divided by 79.
77
Calculate the remainder when 836224 is divided by 33.
4
What is the remainder when 10159971 is divided by 781?
723
Calculate the remainder when 1693340 is divided by 716.
0
What is the remainder when 204244110 is divided by 8712?
8694
What is the remainder when 247963 is divided by 247946?
17
Calculate the remainder when 147770 is divided by 70787.
6196
Calculate the remainder when 2615511 is divided by 1358.
3
Calculate the remainder when 35563063 is divided by 536.
535
What is the remainder when 308645 is divided by 15703?
10288
Calculate the remainder when 54467 is divided by 8.
3
Calculate the remainder when 656022839 is divided by 17.
13
What is the remainder when 71740 is divided by 670?
50
Calculate the remainder when 52040765 is divided by 58.
33
Calculate the remainder when 94850 is divided by 3203.
1963
Calculate the remainder when 8002935 is divided by 85.
15
What is the remainder when 629750 is divided by 14311?
66
What is the remainder when 13095862 is divided by 102?
82
Calculate the remainder when 793829 is divided by 563.
562
Calculate the remainder when 37902 is divided by 2992.
1998
What is the remainder when 4500469 is divided by 17859?
1
What is the remainder when 4373563 is divided by 52?
51
What is the remainder when 18152276 is divided by 583?
571
What is the remainder when 459545 is divided by 4638?
383
What is the remainder when 260653227 is divided by 969?
948
Calculate the remainder when 306331 is divided by 152116.
2099
Calculate the remainder when 4007823 is divided by 230.
73
What is the remainder when 50879944 is divided by 38?
34
What is the remainder when 23576340 is divided by 2502?
2496
What is the remainder when 325542 is divided by 701?
278
What is the remainder when 68552 is divided by 22813?
113
What is the remainder when 43183874 is divided by 590?
4
What is the remainder when 420379 is divided by 21012?
139
Calculate the remainder when 86407 is divided by 4110.
97
Calculate the remainder when 575050 is divided by 3485.
25
Calculate the remainder when 56862 is divided by 28326.
210
Calculate the remainder when 13477 is divided by 1902.
163
What is the remainder when 86081 is divided by 721?
282
Calculate the remainder when 33523 is divided by 5789.
4578
What is the remainder when 9859666 is divided by 439?
165
Calculate the remainder when 25955043 is divided by 5953.
5916
What is the remainder when 103377814 is divided by 54?
52
What is the remainder when 41426169 is divided by 397?
13
Calculate the remainder when 186079 is divided by 3371.
674
What is the remainder when 13706405 is divided by 1859?
1857
What is the remainder when 16091747 is divided by 3322?
3301
What is the remainder when 152670702 is divided by 33?
30
Calculate the remainder when 58847812 is divi